ative of r**5/30 + r**4/4 + 5*r**3/6 + 54*r**2 - r. Give q(w).
13
Let t(n) be the third derivative of -7*n**6/40 + 113*n**2. Calculate t(-1).
21
Let f(z) = z**2 - 5*z - 5. Let u be f(6). Let y be (-5)/((-4)/8 + u). Let m be (-56)/y + 24/(-40). Let p(b) = -b**2 + 2*b + 7. What is p(m)?
-8
Suppose -4*k + g + 17 = 0, -2*g - 25 = 3*g. Let f(w) be the second derivative of w**5/20 - w**4/4 + w**3/6 + 3*w**2/2 + w. Calculate f(k).
6
Let n(x) be the second derivative of 1/6*x**3 + 0 - 4*x + 7/2*x**2. What is n(-5)?
2
Suppose 193*w + 51 = 176*w. Let p(a) = -a**2 + a + 1. Calculate p(w).
-11
Let s(f) = -4*f + 4*f + 2*f + 3 - 3*f. Calculate s(-9).
12
Let k(b) = 59*b - 110*b + 53*b - 6. Determine k(6).
6
Let p(d) = 4*d + 4. Let a(i) = 5*i - 28. Let z be a(5). Give p(z).
-8
Let i(t) = t - 6. Let k = 26 + 34. Suppose 0 = -0*h - 10*h + k. Determine i(h).
0
Let x(b) = -b - 3. Let z be ((-38)/(-6))/((-1)/3). Let u = z + 35. Suppose -4*g - u = 4. What is x(g)?
2
Let n(a) be the first derivative of -a**3/3 - a**2 - a + 18. Let o(z) = -3*z + 7. Let v be o(4). Give n(v).
-16
Suppose 35 = 2*h + 3*h. Let k(f) be the third derivative of f**6/120 - f**5/10 - 3*f**4/8 - 2*f**3/3 + f**2. What is k(h)?
-18
Let f(y) = -2*y + 5. Let r = 125 + -112. Suppose -4*k + 3 + r = 0. Determine f(k).
-3
Let c(w) = 3 - 53*w + 1 + w**2 + 48*w. Calculate c(6).
10
Let o(s) = s + 1. Let j = 49 - 54. Let r(h) = 9*h + 8. Let t(a) = j*r(a) + 40*o(a). What is t(1)?
-5
Let p(i) = -92 + 10*i - 2*i + 86 - i**2. Let d be (-3)/1 + -4 + 13. Give p(d).
6
Let u(l) be the first derivative of -6*l - 9 - 1/2*l**2. Determine u(0).
-6
Let o(n) = -n**3 - n + 90*n**2 - 3*n - 187*n**2 + 104*n**2 + 6. What is o(6)?
18
Let k(y) = 7*y + 1. Let w(f) be the second derivative of 9*f + 2*f**2 + 2/3*f**3 + 1/12*f**4 + 0. Let x be w(-3). What is k(x)?
8
Let u(a) = -2*a + 2*a - 3*a. Let o(f) = -3*f - 17. Let c be o(-8). Suppose c = -3*g - 2*s, 0*s = 2*g - s - 7. What is u(g)?
-3
Suppose -3*c - 11 = 7. Let n(x) = -1. Let z(u) = -3*u + 3. Let t(r) = c*n(r) - z(r). Let a(q) = -q**3 - 8*q**2 + 20*q - 4. Let h be a(-10). Calculate t(h).
-9
Suppose -33 = 16*q + 31. Let h(z) = 2*z**2 - 7*z + 5. Let f(b) = 3*b**2 - 8*b + 6. Let w(a) = 3*f(a) - 4*h(a). Give w(q).
-2
Let n = 4 - 4. Suppose -5*l - 21 - 19 = n. Let x be (-18)/(-8) - (-2)/l. Let u(c) = -c**2 + 2*c + 1. What is u(x)?
1
Let s(d) = -36*d + 50*d - 12*d + 3. Suppose q + 3 = g, -6*q = -2*q - 4. Calculate s(g).
11
Let n(p) = p - 17. Suppose 2*m - 101 = -3*m - 4*y, -1 = -m + 4*y. Determine n(m).
0
Let r(m) = -m - 23. Suppose 4*p - 23 = -23. What is r(p)?
-23
Let h(d) = 2*d**2 - 22*d + 36. Let t(j) = -5*j**2 + 67*j - 107. Let u(w) = 8*h(w) + 3*t(w). Calculate u(-26).
-7
Let v(f) be the second derivative of -f**5/20 + f**4/6 + 7*f**3/6 + f**2/2 - 2*f - 11. Determine v(4).
-3
Let t(c) be the first derivative of 5/12*c**4 - 1/2*c**2 - 1/3*c**3 + c + 2. Let l(u) be the first derivative of t(u). Give l(-1).
6
Let j(h) = 334*h**2 + 21 + 5*h - 15*h - 335*h**2. Determine j(-12).
-3
Let a(l) = -4*l**3 - 6*l**2 - 8*l + 4. Let p(m) = 3*m**3 + 5*m**2 + 6*m - 3. Let y(h) = -4*a(h) - 5*p(h). Give y(1).
1
Let t(v) = v**2 + v + 2. Let z(o) = -o**3 - 2*o**2 - 2*o - 1. Let i(k) = 2*t(k) + z(k). Calculate i(0).
3
Let p(a) = a + 47. Let t(b) = -24. Let o(r) = 3*p(r) + 5*t(r). What is o(-5)?
6
Let w(r) be the third derivative of r**6/120 + 7*r**5/60 + r**4/6 - 4*r**3/3 + 3*r**2. Let v(u) = u**3 - 12*u**2 + 21*u - 16. Let y be v(10). Determine w(y).
4
Suppose -3*c - 55 = -4*y, 5*c + 3*y = -46 - 7. Let a(h) = h**2 + 13*h - 17. What is a(c)?
-17
Let c(x) = x - 6. Let h(s) = 5*s**2 + 7*s + 1. Let r be ((-14)/10)/1 + 6/(-10). Let a be h(r). Give c(a).
1
Let y(q) = -q**2 - 12 - 79*q + 17*q + 16*q + 18*q + 16*q. Give y(-8).
20
Let p(c) be the second derivative of -c**3/6 + 4*c**2 - 47*c - 2. Give p(8).
0
Let y(i) = -7*i**3 + 10*i**2 - 4*i - 3. Let n(h) = -11*h**3 + 15*h**2 - 6*h - 5. Let j(x) = -x + 5. Let a be j(10). Let f(g) = a*n(g) + 8*y(g). Give f(3).
13
Let y(b) = b**2 + b. Let x be y(-3). Let d(h) = 43*h**2 - 18*h**2 + 3 + 0 - h**3 - 19*h**2. Give d(x).
3
Let z(l) be the second derivative of 0 - 2*l + l**3 + 1/12*l**4 - 9/2*l**2. Suppose -5*a + 3*x = -3*a + 26, x = 2*a + 18. Give z(a).
-2
Let n(i) = -10 - i**2 + 172*i - 185*i + 3 + 11. Give n(-13).
4
Suppose 17 - 1 = -a. Let r = -21 - a. Let g(q) = q + 3. Calculate g(r).
-2
Let z(v) = v**3 + 17*v**2 - 20*v - 43. Let t be z(-18). Let n(p) be the second derivative of -p**3/6 - 6*p. What is n(t)?
7
Let v(k) = k**2 - 4*k + 3. Let f be v(2). Let y be 2/(-10)*(1 + -11). Let g(a) = 6*a**2 - 3*a + a**y + 3*a. Calculate g(f).
7
Let o(w) = -6*w**3 - w**2 + 5*w + 2. Let q(c) = c**3 + c**2 - c. Let r(x) = -o(x) - 5*q(x). Let t = -6 - -8. What is r(t)?
-10
Let u(r) = -1 + 3*r - 5*r + 2. Suppose 1 - 6 = g. Let s = g + 6. Determine u(s).
-1
Let d(t) = -t**2 - 2*t + 1. Let m(b) = -6*b**2 + 2*b - 3. Let j be m(1). Let o be -3 - j - (-1 - -2). Suppose h + 7 = c + c, h = o*c - 10. What is d(c)?
-14
Let t(a) = 4*a - 5. Let k(c) = -3*c + 11. Let m(s) = -4*k(s) - 9*t(s). Give m(1).
-23
Let j(h) = -h**2 - 4. Suppose -3*r - 5*t = -29, 5*r + 17*t = 13*t + 31. Calculate j(r).
-13
Let r(p) be the second derivative of -p**5/60 + p**4/8 + 2*p**3/3 - 17*p**2/2 - 15*p. Let v(q) be the first derivative of r(q). What is v(5)?
-6
Let z(c) = c**3 + 6*c**2 - 1. Let y(f) be the first derivative of f**4/2 + 13*f**3/3 - f**2/2 - 2*f - 17. Let g(h) = 2*y(h) - 5*z(h). Determine g(-2).
-3
Suppose -23 = -4*y - b, 0*y - 3*b + 9 = 2*y. Let j(x) = x**2 - 2*x**2 + 3 + y*x + 3. Let f be (-26)/4*1380/(-1495). Determine j(f).
6
Let n(z) be the second derivative of -z**4/6 + 7*z**3/6 + 9*z**2/2 - z + 1. Calculate n(5).
-6
Let i(r) = -r**3 + 3*r**2 + 4*r. Suppose 0 = -3*s + 8 + 7. Suppose s*m = -4*m + 27. What is i(m)?
12
Let z = -4 - -6. Let r(h) = 4*h**2 + h. Let j(u) = 4*u**2. Let p(a) = -4*j(a) + 3*r(a). Calculate p(z).
-10
Suppose 20 = 62*x - 64*x. Let u(i) = i**2 + 10*i - 4. What is u(x)?
-4
Let w(y) be the second derivative of y**4/12 - 11*y**3/6 + y**2/2 - 21*y. Let x(f) = 2*f**2 - 23*f + 2. Let p(b) = 13*w(b) - 6*x(b). What is p(6)?
7
Let q(y) = -y**2 + 12*y - 16. Suppose -4*d + 4 = 5*s, -3*d - 8 = -4*s + 5*s. Suppose s = -i, -2*i = -5*n + 3*i + 75. Give q(n).
-5
Let w(m) = 2*m**2 + m - 2. Let i(p) be the second derivative of -p**5/20 + p**4/4 + 4*p**3/3 + 4*p**2 + 42*p. Let y be i(5). Give w(y).
4
Let y(o) be the first derivative of -2*o**3/3 - 5*o**2/2 - 4*o - 141. Determine y(-3).
-7
Let s be (-9)/2 + 2/(-4). Let z = 8 - 2. Let d(k) = 17*k**2 + k**3 - 6 - 6*k**2 - z*k**2 - k. What is d(s)?
-1
Let j(y) = y**3 - 2*y**2 - y + 3. Let f = 142 - 139. Give j(f).
9
Let w(b) = b**3 - 7*b**2 + 6*b + 4. Let t(h) = -h**3 + 16*h**2 - 46*h - 18. Let l be t(12). Calculate w(l).
4
Let x(y) = -4*y - 5. Let o(d) = 5*d + 8. Let k(z) = -3*o(z) - 4*x(z). Let p(v) = -v - 3. Let g be p(0). Calculate k(g).
-7
Let n(h) = -3*h - 5. Let s be -7 - 126/(1 - 10). What is n(s)?
-26
Let z(d) be the second derivative of d**5/20 + 5*d**4/12 - 2*d**3/3 + 5*d**2/2 - 2*d. Suppose 5*o + 34 = -371. Let r = o + 75. Determine z(r).
-7
Let n(k) = k**2 - k - 4. Let x = -7 - -4. Let z(w) = w + 6. Let p be z(x). Determine n(p).
2
Let p(g) = -9 + 3*g + 4 + 5*g + 0*g + 3. Calculate p(3).
22
Suppose 0 = 3*s - 5*x + 50, -5*s - 4*x + 2*x - 73 = 0. Let w be ((-1)/3)/(5/s). Let v(l) = l**2 - l**3 + 2 - 2. What is v(w)?
0
Suppose 0 = j + 6 - 9. Let f(y) = 4*y**2 + 15 - 9 - 3 - y - y - y**3. Give f(j).
6
Let r(v) = -v**2 + 6*v + 6. Let x be (-6)/12*0/(-2). Suppose 18 = 6*q - x*q. Suppose y - 18 = -2*f - 2*y, -q*y - 6 = -2*f. Determine r(f).
6
Suppose -3*z + 6*z = -12. Let k(n) = n**2 - 4*n - 4. Let o(d) = -d**2 + 4*d + 5. Let y(q) = z*o(q) - 3*k(q). Calculate y(6).
4
Let o = -168 - -173. Let x(f) = 2*f**3 - 11*f**2 + 5*f + 7. What is x(o)?
7
Let c(h) = 3 + 4*h + 22*h**2 - 31*h**2 + 4*h**2. Give c(-2).
-25
Let m(l) = -2*l**3 - 11*l**2 - 16*l - 8. Let y be m(-4). Let c(t) be the second derivative of -t**3/6 + 11*t**2/2 + 3*t. Calculate c(y).
3
Let a(z) = 2*z**2 + 7*z + 5. Suppose 5*j - 129 = 4*o, -o = -j - 4 + 29. Suppose 0 = 5*n + j - 9. Calculate a(n).
9
Let y(t) be the second derivative of t**4/12 + 3*t**3/2 + 7*t**2/2 + 4*t - 27